484425555.
3, 5, 131, 246527
List the prime factors of 5619614.
2, 7, 11, 13, 401
What are the prime factors of 39385838?
2, 17, 1158407
What are the prime factors of 96670006?
2, 97, 107, 4657
What are the prime factors of 1984282134?
2, 3, 330713689
What are the prime factors of 32563377?
3, 7, 11, 23, 227
What are the prime factors of 18789148?
2, 7, 17, 5639
What are the prime factors of 1471422602?
2, 13, 61, 71, 73, 179
List the prime factors of 73544800.
2, 5, 7, 23, 571
List the prime factors of 30495863.
30495863
What are the prime factors of 32612185?
5, 6522437
List the prime factors of 1757732861.
1361, 1291501
What are the prime factors of 161142687?
3, 17904743
List the prime factors of 5252109688.
2, 7, 359, 37321
What are the prime factors of 896291963?
7, 128041709
What are the prime factors of 4696932902?
2, 23, 102107237
List the prime factors of 289624985.
5, 13, 4455769
List the prime factors of 732893297.
97, 7555601
What are the prime factors of 64484643?
3, 21494881
List the prime factors of 49364845.
5, 37, 266837
What are the prime factors of 2854967749?
1291, 2211439
List the prime factors of 730313768.
2, 7603, 12007
List the prime factors of 6633641339.
13, 367, 1390409
What are the prime factors of 560174150?
2, 5, 19, 29, 20333
List the prime factors of 1226784780.
2, 3, 5, 13, 19, 41, 673
What are the prime factors of 5633671561?
7, 114972889
List the prime factors of 146773879.
7, 19, 23, 47981
What are the prime factors of 84256291?
7, 23, 419, 1249
List the prime factors of 44744077.
7, 6392011
What are the prime factors of 678331540?
2, 5, 19, 331, 5393
List the prime factors of 162844846.
2, 81422423
List the prime factors of 19982422.
2, 9991211
What are the prime factors of 2118733384?
2, 41, 6459553
What are the prime factors of 114547918?
2, 1867, 30677
List the prime factors of 82517747.
13, 179, 35461
What are the prime factors of 102940728?
2, 3, 11, 389927
List the prime factors of 83902681.
5639, 14879
What are the prime factors of 302148167?
302148167
What are the prime factors of 2366401125?
3, 5, 11, 573673
List the prime factors of 574303705.
5, 653, 175897
List the prime factors of 366464339.
67, 83, 65899
What are the prime factors of 4926254?
2, 37, 66571
List the prime factors of 39524655.
3, 5, 19, 138683
List the prime factors of 598754198.
2, 7, 83, 515279
What are the prime factors of 124842584?
2, 59, 4483
List the prime factors of 7686351.
3, 854039
List the prime factors of 12494403.
3, 79, 17573
What are the prime factors of 345671916?
2, 3, 97, 296969
What are the prime factors of 82782280?
2, 5, 7, 41, 7211
What are the prime factors of 2899413241?
2899413241
List the prime factors of 94061981.
13, 7235537
List the prime factors of 970964804.
2, 37, 67, 97919
List the prime factors of 405559281.
3, 3701, 36527
List the prime factors of 444699597.
3, 107, 1009, 1373
What are the prime factors of 21594223?
7, 3084889
What are the prime factors of 1102251169?
29, 38008661
What are the prime factors of 49657975?
5, 149, 13331
List the prime factors of 130055476.
2, 461, 70529
What are the prime factors of 78054758?
2, 59, 661481
What are the prime factors of 671842480?
2, 5, 2029, 4139
What are the prime factors of 3185256364?
2, 47, 59, 287167
List the prime factors of 126412081.
126412081
What are the prime factors of 373264295?
5, 43, 163, 10651
List the prime factors of 47740410.
2, 3, 5, 23, 23063
What are the prime factors of 5499861964?
2, 17, 67, 241, 5009
List the prime factors of 738883058.
2, 19, 41, 647, 733
List the prime factors of 1014263490.
2, 3, 5, 33808783
What are the prime factors of 91523582?
2, 5189, 8819
List the prime factors of 151504220.
2, 5, 7, 23, 47051
What are the prime factors of 29986181?
17, 23, 53, 1447
List the prime factors of 286186545.
3, 5, 1171, 5431
List the prime factors of 22558276.
2, 13, 433813
List the prime factors of 6493750043.
11, 487, 1212199
What are the prime factors of 89286549?
3, 11, 211, 12823
What are the prime factors of 390611624?
2, 13, 59, 63659
What are the prime factors of 39952008?
2, 3, 37, 4999
List the prime factors of 338082810.
2, 3, 5, 13, 66683
List the prime factors of 17690606.
2, 8845303
List the prime factors of 4370824144.
2, 19, 14377711
What are the prime factors of 657518311?
229, 233, 12323
List the prime factors of 1497155004.
2, 3, 857, 48527
What are the prime factors of 114202461?
3, 37, 109, 9439
What are the prime factors of 938295689?
211, 4446899
What are the prime factors of 173279456?
2, 7, 773569
What are the prime factors of 82328850?
2, 3, 5, 182953
List the prime factors of 457819674.
2, 3, 13, 1031, 5693
List the prime factors of 1149412741.
23, 103, 547, 887
List the prime factors of 53299896.
2, 3, 13, 17, 773
List the prime factors of 129945245.
5, 25989049
What are the prime factors of 50447247?
3, 89, 188941
List the prime factors of 174015147.
3, 67, 865747
What are the prime factors of 655623312?
2, 3, 13658819
List the prime factors of 937007482.
2, 977, 479533
What are the prime factors of 5137887?
3, 1712629
List the prime factors of 16660812.
2, 3, 7, 241, 823
What are the prime factors of 87276683?
13, 73, 91967
List the prime factors of 662129194.
2, 1453, 227849
What are the prime factors of 146045506?
2, 73022753
List the prime factors of 149893009.
7, 463, 6607
What are the prime factors of 3448538997?
3, 1149512999
What are the prime factors of 24556652?
2, 179, 34297
List the prime factors of 1285187974.
2, 7, 23, 570181
What are the prime factors of 68191041?
3, 31, 733237
What are the prime factors of 53127692?
2, 359, 36997
List the prime factors of 1269397339.
7, 967, 187531
List the prime factors of 3574331306.
2, 7, 13, 19639183
What are the prime factors of 175116763?
175116763
What are the prime factors of 166040113?
163, 1018651
What are the prime factors of 680241082?
2, 340120541
What are the prime factors of 36300091?
709, 51199
List the prime factors of 257413656.
2, 3, 61, 175829
List the prime factors of 164033733.
3, 54677911
List the prime factors of 59951921.
59951921
List the prime factors of 408563994.
2, 3, 4327, 15737
What are the prime factors of 97248551?
17, 1319, 4337
What are the prime factors of 3518526875?
5, 19, 181, 1637
List the prime factors of 201821122.
2, 797, 126613
What are the prime factors of 335082326?
2, 1069, 156727
List the prime factors of 104577969.
3, 34859323
List the prime factors of 1134815765.
5, 226963153
List the prime factors of 1167223099.
7, 6217, 26821
What are the prime factors of 69751326?
2, 3, 11625221
List the prime factors of 6794944764.
2, 3, 167, 3390691
What are the prime factors of 4205221579?
13, 31, 10434793
List the prime factors of 751666299.
3, 53, 4727461
What are the prime factors of 5857630082?
2, 3319, 882439
List the prime factors of 89415253.
31, 353, 8171
What are the prime factors of 469503771?
3, 11, 1051, 13537
List the prime factors of 240158634.
2, 3, 727, 55057
List the prime factors of 463544294.
2, 29, 7992143
What are the prime factors of 162617887?
61, 2665867
What are the prime factors of 68228661?
3, 22742887
List the prime factors of 1240709643.
3, 59, 86539
List the prime factors of 82806777.
3, 37, 43, 5783
What are the prime factors of 493885507?
493885507
What are the prime factors of 1902066652?
2, 149, 577, 5531
What are the prime factors of 3452219?
83, 41593
What are the prime factors of 76723335?
3, 5, 13, 43717
List the prime factors of 26142473.
7, 1549, 2411
What are the prime factors of 205768607?
11, 31, 4987
List the prime factors of 135566161.
5081, 26681
List the prime factors of 381151632.
2, 3, 2293, 3463
What are the prime factors of 46685386?
2, 11, 2122063
List the prime factors of 1151574287.
19, 61, 83, 11971
What are the prime factors of 45515778?
2, 3, 7, 11, 98519
What are the prime factors of 18010631?
18010631
List the prime factors of 7103693.
7103693
What are the prime factors of 111178239?
3, 37059413
What are the prime factors of 1073573912?
2, 59, 2274521
What are the prime factors of 1738630751?
11, 13, 12158257
List the prime factors of 7642525927.
6899, 1107773
List the prime factors of 47701152.
2, 3, 89, 1861
List the prime factors of 55